{"id":33,"date":"2024-09-14T21:17:14","date_gmt":"2024-09-14T19:17:14","guid":{"rendered":"https:\/\/sohbi.pl\/forms\/?page_id=33"},"modified":"2024-09-14T21:17:14","modified_gmt":"2024-09-14T19:17:14","slug":"klauzula-informacyjna","status":"publish","type":"page","link":"https:\/\/sohbi.pl\/forms\/klauzula-informacyjna\/","title":{"rendered":"Klauzula informacyjna"},"content":{"rendered":"<p><b>Klauzula informacyjna w zwi\u0105zku z przetwarzaniem danych osobowych w celu przyj\u0119cia zg\u0142oszenia oraz przeprowadzania post\u0119powania wyja\u015bniaj\u0105cego na gruncie ustawy o ochronie sygnalist\u00f3w.<\/b><\/p>\n<ol>\n<li>Administratorem Pani\/a danych osobowych jest Sohbi Craft Poland Sp. z o.o.z siedzib\u0105 w Ostaszewie<\/li>\n<li>Mo\u017ce Pan\/i kontaktowa\u0107 si\u0119 w sprawach zwi\u0105zanych z przetwarzaniem danych osobowych oraz z wykonywaniem praw przys\u0142uguj\u0105cych na mocy RODO z Administratorem z wykorzystaniem powy\u017cszych danych teleadresowych lub z wyznaczonym u Administratora inspektorem ochrony danych na adres e-mail: biuro@sohbi.pl<\/li>\n<li>Pani\/a dane osobowe b\u0119d\u0105 przetwarzane w celu przyj\u0119cia zg\u0142oszenia oraz przeprowadzania post\u0119powania wyja\u015bniaj\u0105cego na podstawie obowi\u0105zku prawnego, jakiemu podlega administrator na podstawie ustawy z dnia 14 czerwca 2024 r. o ochronie sygnalist\u00f3w.<\/li>\n<li><b>Ochrona to\u017csamo\u015bci sygnalisty:<\/b> Mo\u017ce Pan\/Pani dokona\u0107 zg\u0142oszenia anonimowego. W przypadku podania danych umo\u017cliwiaj\u0105cych identyfikacj\u0119, Pani\/Pana dane osobowe, nie podlegaj\u0105 ujawnieniu nieupowa\u017cnionym osobom (tzn. osobom spoza zespo\u0142u odpowiedzialnego za prowadzenie post\u0119powania w zg\u0142oszonej sprawie), chyba \u017ce za Pani\/Pana wyra\u017an\u0105 zgod\u0105.<\/li>\n<li><b>Szczeg\u00f3lne przypadki, gdy mo\u017ce doj\u015b\u0107 do ujawnienia danych:<\/b> W zwi\u0105zku z post\u0119powaniami wyja\u015bniaj\u0105cymi prowadzonymi przez organy publiczne lub post\u0119powaniami przygotowawczymi lub s\u0105dowymi prowadzonymi przez s\u0105dy, w tym w celu zagwarantowania Pani\/u prawa do obrony, mo\u017ce doj\u015b\u0107 do ujawnienia Pani\/Pana danych, gdy takie dzia\u0142anie jest koniecznym i proporcjonalnym obowi\u0105zkiem wynikaj\u0105cym z przepis\u00f3w prawa. Przed dokonaniem takiego ujawnienia, w\u0142a\u015bciwy organ publiczny lub w\u0142a\u015bciwy s\u0105d powiadomi Pani\u0105\/a, przesy\u0142aj\u0105c w postaci papierowej lub elektronicznej wyja\u015bnienie powod\u00f3w ujawnienia danych osobowych. Powiadomienie nie jest przekazywane, je\u017celi mo\u017ce zagrozi\u0107 post\u0119powaniu wyja\u015bniaj\u0105cemu lub post\u0119powaniu przygotowawczemu, lub s\u0105dowemu.<\/li>\n<li>Administrator zapewnia poufno\u015b\u0107 Pani\/a danych, w zwi\u0105zku z otrzymanym zg\u0142oszeniem. W zwi\u0105zku z tym dane mog\u0105 by\u0107 udost\u0119pnione jedynie podmiotom uprawnionym do tego na podstawie przepis\u00f3w prawa oraz podmiotom, kt\u00f3rym administrator powierzy\u0142 przetwarzanie danych.<\/li>\n<li>Dane osobowe przetwarzane w zwi\u0105zku z przyj\u0119ciem zg\u0142oszenia lub podj\u0119ciem dzia\u0142a\u0144 nast\u0119pczych oraz dokumenty zwi\u0105zane z tym zg\u0142oszeniem s\u0105 przechowywane przez okres 3 lat po zako\u0144czeniu roku kalendarzowego, w kt\u00f3rym przekazano zg\u0142oszenie lub zako\u0144czono dzia\u0142ania nast\u0119pcze, lub po zako\u0144czeniu post\u0119powa\u0144 zainicjowanych tymi dzia\u0142aniami. Dane osobowe, kt\u00f3re nie maj\u0105 znaczenia dla rozpatrywania zg\u0142oszenia, nie s\u0105 zbierane, a w razie przypadkowego zebrania s\u0105 niezw\u0142ocznie usuwane. Usuni\u0119cie tych danych osobowych nast\u0119puje w terminie 14 dni od chwili ustalenia, \u017ce nie maj\u0105 one znaczenia dla sprawy.<\/li>\n<li>Posiada Pan\/i prawo \u017c\u0105dania dost\u0119pu do swoich danych osobowych, a tak\u017ce ich sprostowania (poprawiania). Przys\u0142uguje Pani\/u tak\u017ce prawo do \u017c\u0105dania usuni\u0119cia lub ograniczenia przetwarzania, a tak\u017ce sprzeciwu na przetwarzanie, przy czym przys\u0142uguje ono jedynie w sytuacji, je\u017celi dalsze przetwarzanie nie jest niezb\u0119dne do wywi\u0105zania si\u0119 przez Administratora z obowi\u0105zku prawnego i nie wyst\u0119puj\u0105 inne nadrz\u0119dne prawne podstawy przetwarzania.<\/li>\n<li>Przys\u0142uguje Pani\/Panu prawo wniesienia skargi na realizowane przez Administratora przetwarzanie do Prezesa UODO (uodo.gov.pl).<\/li>\n<li>Podanie danych jest dobrowolne i nie stanowi warunku przyj\u0119cia przez nas zg\u0142oszenia. Je\u015bli nie poda Pan\/i danych kontaktowych, nie b\u0119dziemy mogli potwierdzi\u0107 przyj\u0119cia zg\u0142oszenia oraz informowa\u0107 o przebiegu naszych dzia\u0142a\u0144, zwi\u0105zanych z tym zg\u0142oszeniem.<\/li>\n<\/ol>\n<h2>Kontakt do Rzecznika Praw Obywatelskich<\/h2>\n<p>Do Rzecznika Praw Obywatelskich mo\u017ce si\u0119 zg\u0142osi\u0107 ka\u017cdy, kto uwa\u017ca, \u017ce pa\u0144stwo naruszy\u0142o jego prawa, \u017ce jest nier\u00f3wno traktowany.<\/p>\n<p>Informacyjna linia obywatelska: 800 676 676, e-mail biurorzecznika@brpo.gov.pl<\/p>\n<p>Adres korespondencyjny: Biuro RPO, al. Solidarno\u015bci 77, 00-090 Warszawa<\/p>\n<p>Istnieje tak\u017ce mo\u017cliwo\u015b\u0107 przekazania zg\u0142oszenia w j\u0119zyku migowym, anonimowo poprzez formularz kontaktowy na stronie lub osobi\u015bcie w jednym z oddzia\u0142\u00f3w.<\/p>\n","protected":false},"excerpt":{"rendered":"<p>Klauzula informacyjna w zwi\u0105zku z przetwarzaniem danych osobowych w celu przyj\u0119cia zg\u0142oszenia oraz przeprowadzania post\u0119powania wyja\u015bniaj\u0105cego na gruncie ustawy o ochronie sygnalist\u00f3w. Administratorem Pani\/a danych osobowych jest Sohbi Craft Poland Sp. z o.o.z siedzib\u0105 w Ostaszewie Mo\u017ce Pan\/i kontaktowa\u0107 si\u0119 w sprawach zwi\u0105zanych z przetwarzaniem danych osobowych oraz z wykonywaniem praw przys\u0142uguj\u0105cych na mocy RODO &#8230; <a title=\"Klauzula informacyjna\" class=\"read-more\" href=\"https:\/\/sohbi.pl\/forms\/klauzula-informacyjna\/\" aria-label=\"Dowiedz si\u0119 wi\u0119cej o Klauzula informacyjna\">Dowiedz si\u0119 wi\u0119cej<\/a><\/p>\n","protected":false},"author":1,"featured_media":0,"parent":0,"menu_order":0,"comment_status":"closed","ping_status":"closed","template":"","meta":{"footnotes":""},"class_list":["post-33","page","type-page","status-publish"],"_links":{"self":[{"href":"https:\/\/sohbi.pl\/forms\/wp-json\/wp\/v2\/pages\/33","targetHints":{"allow":["GET"]}}],"collection":[{"href":"https:\/\/sohbi.pl\/forms\/wp-json\/wp\/v2\/pages"}],"about":[{"href":"https:\/\/sohbi.pl\/forms\/wp-json\/wp\/v2\/types\/page"}],"author":[{"embeddable":true,"href":"https:\/\/sohbi.pl\/forms\/wp-json\/wp\/v2\/users\/1"}],"replies":[{"embeddable":true,"href":"https:\/\/sohbi.pl\/forms\/wp-json\/wp\/v2\/comments?post=33"}],"version-history":[{"count":4,"href":"https:\/\/sohbi.pl\/forms\/wp-json\/wp\/v2\/pages\/33\/revisions"}],"predecessor-version":[{"id":37,"href":"https:\/\/sohbi.pl\/forms\/wp-json\/wp\/v2\/pages\/33\/revisions\/37"}],"wp:attachment":[{"href":"https:\/\/sohbi.pl\/forms\/wp-json\/wp\/v2\/media?parent=33"}],"curies":[{"name":"wp","href":"https:\/\/api.w.org\/{rel}","templated":true}]}}